{"id":30,"date":"2025-11-03T08:46:26","date_gmt":"2025-11-03T08:46:26","guid":{"rendered":"https:\/\/noley-thunder-sausage.de\/?page_id=30"},"modified":"2025-11-08T05:58:32","modified_gmt":"2025-11-08T05:58:32","slug":"impressum","status":"publish","type":"page","link":"https:\/\/noley-thunder-sausage.de\/?page_id=30","title":{"rendered":"Impressum"},"content":{"rendered":"\n<p><strong>Angaben gem\u00e4\u00df \u00a7 5 TMG<\/strong><\/p>\n\n\n\n<p><strong>Noley Thunder Sausage GbR <\/strong><br>Hofer Stra\u00dfe 34a <br>04317 Leipzig<\/p>\n\n\n\n<p><strong>Vertreten durch die Gesellschafter: <\/strong><br>Christiane Springer und Nico Brachmann<\/p>\n\n\n\n<p><strong>Kontakt: <\/strong><br>E-Mail: <a href=\"mailto:contact@noley-thunder-sausage.de\">contact@noley-thunder-sausage.de<\/a><\/p>\n\n\n\n<p><strong>Rechtsform:<\/strong> Gesellschaft b\u00fcrgerlichen Rechts (GbR) <br><strong>Sitz der Gesellschaft:<\/strong> Leipzig, Deutschland<\/p>\n\n\n\n<p><strong>Umsatzsteuer-Identifikationsnummer gem\u00e4\u00df \u00a727 a Umsatzsteuergesetz:<\/strong> <br>DE457550994<\/p>\n\n\n\n<p><strong>Verantwortlich f\u00fcr den Inhalt nach \u00a7 18 Abs. 2 MStV: <\/strong><br>Christiane Springer und Nico Brachmann <br>Hofer Stra\u00dfe 34a <br>04317 Leipzig<\/p>\n\n\n\n<p><strong>Haftungsausschluss: <\/strong><br>Trotz sorgf\u00e4ltiger inhaltlicher Kontrolle \u00fcbernehmen wir keine Haftung f\u00fcr die Inhalte externer Links. <br>F\u00fcr den Inhalt der verlinkten Seiten sind ausschlie\u00dflich deren Betreiber verantwortlich.<\/p>\n\n\n\n<p><strong>Online-Streitbeilegung gem\u00e4\u00df Art. 14 Abs. 1 ODR-VO: <\/strong><br>Die Europ\u00e4ische Kommission stellt eine Plattform zur Online-Streitbeilegung (OS) bereit: <a href=\"https:\/\/ec.europa.eu\/consumers\/odr\/\" target=\"_blank\" rel=\"noreferrer noopener\">https:\/\/ec.europa.eu\/consumers\/odr\/<\/a><\/p>\n\n\n\n<p><\/p>\n","protected":false},"excerpt":{"rendered":"<p>Angaben gem\u00e4\u00df \u00a7 5 TMG Noley Thunder Sausage GbR Hofer Stra\u00dfe 34a 04317 Leipzig Vertreten durch die Gesellschafter: Christiane Springer und Nico Brachmann Kontakt: E-Mail: contact@noley-thunder-sausage.de Rechtsform: Gesellschaft b\u00fcrgerlichen Rechts (GbR) Sitz der Gesellschaft: Leipzig, Deutschland Umsatzsteuer-Identifikationsnummer gem\u00e4\u00df \u00a727 a Umsatzsteuergesetz: DE457550994 Verantwortlich f\u00fcr den Inhalt nach \u00a7 18 Abs. 2 MStV: Christiane Springer und&#8230;<\/p>\n","protected":false},"author":2,"featured_media":0,"parent":0,"menu_order":0,"comment_status":"closed","ping_status":"closed","template":"","meta":{"footnotes":""},"class_list":["post-30","page","type-page","status-publish","hentry"],"_links":{"self":[{"href":"https:\/\/noley-thunder-sausage.de\/index.php?rest_route=\/wp\/v2\/pages\/30","targetHints":{"allow":["GET"]}}],"collection":[{"href":"https:\/\/noley-thunder-sausage.de\/index.php?rest_route=\/wp\/v2\/pages"}],"about":[{"href":"https:\/\/noley-thunder-sausage.de\/index.php?rest_route=\/wp\/v2\/types\/page"}],"author":[{"embeddable":true,"href":"https:\/\/noley-thunder-sausage.de\/index.php?rest_route=\/wp\/v2\/users\/2"}],"replies":[{"embeddable":true,"href":"https:\/\/noley-thunder-sausage.de\/index.php?rest_route=%2Fwp%2Fv2%2Fcomments&post=30"}],"version-history":[{"count":4,"href":"https:\/\/noley-thunder-sausage.de\/index.php?rest_route=\/wp\/v2\/pages\/30\/revisions"}],"predecessor-version":[{"id":59,"href":"https:\/\/noley-thunder-sausage.de\/index.php?rest_route=\/wp\/v2\/pages\/30\/revisions\/59"}],"wp:attachment":[{"href":"https:\/\/noley-thunder-sausage.de\/index.php?rest_route=%2Fwp%2Fv2%2Fmedia&parent=30"}],"curies":[{"name":"wp","href":"https:\/\/api.w.org\/{rel}","templated":true}]}}